lue of 347 + -485 - (-106 + -1)?
-31
What is the value of -36 + 39 - (17 - 1) - (-69 - -88)?
-32
What is the value of -29 + -2 + (-478 - -515) - (-51 + -2 - 0)?
59
43 - (7 - -37) - -18
17
Calculate 930 - 925 - ((-3 - -6) + 0 - -92) - -14.
-76
Evaluate 73 + (20 - -4) - 39.
58
What is -3 - (0 + 65) - (263 - 289)?
-42
What is the value of 32 + (-13 - -2) + (-6 - 0)?
15
Calculate 7 + 20 + -79 + -9 - (3 - 2).
-62
What is 91 + 32 - (6 + 18 + -8 + -2) - -11?
120
Calculate (-1 - 42) + 315 + -324 + 2 - (-8 + 3).
-45
Evaluate 1 - 1 - (179 - 170 - (-5 - 47)).
-61
What is -24 - ((2 - (7 - 13)) + (-55 - -40))?
-17
Calculate (11 - (-8 + -14 + 54)) + (9 - 61).
-73
What is (-7 - 2) + 1 + 0 + (0 - 2) + -10?
-20
-48 + -6 + -25 + 36
-43
Calculate (15 - 24) + -18 + (-13 - -10 - (-1 - 4)).
-25
What is the value of (31 - (13 + 20 + 80)) + -8?
-90
What is the value of (75 - 26) + -16 + 16?
49
-56 - 21 - -109 - 1
31
Calculate 36 - (-7 + 2 + (-41 - -42)).
40
Calculate 24 + (1 + 2 - (391 - 379)) - (1 - -8).
6
-16 + 45 + -36 + (-106 - (-5 + 16 - 6))
-118
Evaluate 5 + 18 - (-55 - -76).
2
Evaluate 23 + 8 + -79 + 12 + (1 - -1 - 2).
-36
26 - -1 - (48 + 92 - 142)
29
-2 + 17 + (14 - 7) - ((13 - 24) + 10)
23
Evaluate 51 + 52 + -63 + 24.
64
Evaluate 9 - 6 - ((-36 - 11) + 25).
25
What is the value of 186 + -215 + 4 + 0 + 46?
21
4 + (-19 + 14 - 23) - -43
19
Calculate 120 - (-133 + 327 + -123).
49
Evaluate (51 - (14 - -35)) + 24.
26
-24 - (37 - (6 - -18) - (21 - (0 + 2)))
-18
What is -11 + 25 - 39 - 16?
-41
What is the value of 1 - -11 - (72 + -71 + 18)?
-7
Calculate -53 + -1 + (16 + -27 - 2 - (-8 + -2)).
-57
17 + (-10 - (7 + 10 + -15 + -6))
11
What is 45 + -105 - (-6 + -9 - -1)?
-46
What is the value of 14 - (1 - 3) - (-69 + 26 + -1)?
60
Evaluate -25 + 24 - ((1 - 8) + (-2 - 26)) - -14.
48
Calculate 670 + -616 - (28 + 0).
26
What is 26 + (41 - (-5 + 15 - -36))?
21
What is -44 - (0 - 16 - (-39 - -47))?
-20
Evaluate (1 - 47) + (-979 - -1038).
13
-2861 + 2931 - (-2 - -50)
22
What is the value of -13 + 8 + -24 + (0 - 21)?
-50
Calculate 19 + -49 + 92 + (-12 - -7) + (5 - 3).
59
17 + 11 + -66 + 18
-20
Calculate -8 - ((1 + 2 + -2 - 7) + -1339 + 1348).
-11
What is the value of 2102 - 2103 - (-46 - (2 - 1))?
46
Evaluate 0 - -2 - (-15 - -19) - (-6 + 14 - -35).
-45
Evaluate 27 + -4 + -21 - -31.
33
Calculate -33 + 54 + -21 + 19.
19
Calculate (0 + 6 - -2) + (12 - 2) - 8.
10
What is the value of (-1968 - -1987) + (-2 - 18) + -2 + 109 + 0?
106
What is the value of -30 - (62 + -71) - (0 + 2 + 5)?
-28
What is the value of -2 + 43 - (217 - 195) - 1?
18
Calculate (0 + -5 - 17) + 212 + -179 + 13.
24
What is the value of 32 + -7 + 1 + (-24 - -36) + -11?
27
What is the value of -97 + 19 + 73 + (1 - -3)?
-1
What is the value of -1 + 2 - 107 - (-322 + 924 - 615)?
-93
What is the value of 0 + -8 - (15 + (32 - (59 + 16)))?
20
-10 + (31 - (57 - -15))
-51
Evaluate 7 - 0 - (43 - 38 - 13).
15
What is 6 - (20 - ((-11 - 1) + -63 + 63))?
-26
Evaluate -40 + 8 + (18 - 13) - -34.
7
Calculate 0 - 15 - (-3 + 2 + -67 + 48 + 16).
-11
What is 48 + -3 - (3 - (24 + -25) - 10)?
51
What is -260 - -323 - (71 - 5)?
-3
What is the value of (45 + -103 - -60) + 23 + 1 - -8?
34
What is -2627 + 2647 + 37 + -2?
55
What is the value of 102 + -106 + (24 - (5 + -1)) - 86?
-70
Calculate 9572 + -9650 - (-173 + -1).
96
What is the value of 9 + (-9 - (-32 - -12))?
20
What is (42 + 2 + 0 - (1117 + -1127)) + -9?
45
Evaluate (-11 - -4) + 30 + (1 - ((-1 - 0) + 4)).
21
Calculate 9 - ((8 + 32 + -10 - (-11 + 25)) + 127).
-134
Evaluate -15 - (-11 - -5 - (-5 - (29 - 16))).
-27
What is -19 + -1 + -4 + 25 + -4?
-3
What is (-3 - -6) + -15 + (-25 + 37 - -13)?
13
What is -16 - (15 - (20 + 81))?
70
What is 38 - (0 + -16 + (-11 - (84 + -103)))?
46
Evaluate (-2057 - -1997) + (2 - 38).
-96
What is the value of 49 + -40 - (52 + (-2 - 10))?
-31
What is 0 - -2 - -45 - (104 - 162 - -64)?
41
(12 - -12) + -20 - (-5 - -45)
-36
Calculate 40 - (101 + -57 - 125).
121
What is the value of -54 + (115 - (94 + -24))?
-9
What is (-88 - -19) + 93 + -64?
-40
Calculate -7 + (6 + 0 - 9) - -32 - -6.
28
Evaluate 36 + -50 + (8 - -28 - -5).
27
Calculate -7 + 3 + 1 - (-15 - (-26 + 21)).
7
What is 35 + -35 + -2 - -39?
37
Evaluate (-7 - -5 - (1 - -85)) + -540 + 547 + -8.
-89
What is (4 - 7) + 0 - (651 + -671)?
17
What is (2 - 4) + -1 + 22 + -15 + -63 - -14?
-45
Calculate 28 - (1 - -13) - -20 - 4.
30
Calculate -10 + (0 + -1 - -7) + (1 - 35) + 13.
-25
Calculate -1366 + 1374 + (2 - -2 - (-2 - -5) - 11).
-2
Calculate -58 - 2 - (-16 - (-3 + -14 + 9)).
-52
0 + -34 + -1 + 8 + 6 + -9 + -8
-38
Evaluate -27 - (-3 + -16 - 11) - (-3 + 17).
-11
What is the value of (-42 - -4) + (-47 - (-95 - -44))?
-34
What is the value of 7 + 9 - (1 + 33) - (4 - -36)?
-58
(5 - (-12 + 1 + 17)) + 46 + -6
39
Calculate -73 + -19 + (2 - -11) + 5 - 2.
-76
What is 39 + 36 + -23 + -95?
-43
-5 + -11 + -31 + 24 + (-7 - -16)
-14
What is the value of 4 - (95 + -57 - (13 + -2))?
-23
Calculate (-101 - -2) + (2246 - 2126).
21
What is the value of 24 + -73 + 63 + -28?
-14
11963 + -11869 - (114 + 0)
-20
What is 7 + (21 + 6 - (6 - (3 - -13)))?
44
Calculate 24 - 1 - ((-173 - -78) + 125).
-7
Evaluate 12 + (1 - (3 - 81)) + (-15 + 11 - 8).
79
What is 11 - (27 + (3 - 11) - -37)?
-45
Calculate 50 + -81 + 22 + (16 - 3 - 3).
1
Calculate (-26 - -10) + -1007 + 1115.
92
What is the value of -102 - ((-6 - 14) + -60)?
-22
Evaluate (2 + 13 - 24 - (-20 - -4)) + -14.
-7
Evaluate 34 + -27 - ((5 - 4) + -2 + (-12 - -11)).
9
What is the value of 67 - (35 + -25 + -12 - -49)?
20
Calculate (18 + -28 + (15 - 2) - 3) + -78 - -6.
-72
Calculate -2 + -29 + (-34 - 21 - -43).
-43
What is the value of -10 + (1 + 11 - (-29 + 28) - -1)?
4
What is -27 + 99 + -148 - -33?
-43
What is the value of (-20 + -51 - -32) + 25?
-14
Evaluate (86 + 0 - 11) + -19 - 8.
48
What is 8 + -11 - (1 - 11) - 22?
-15
(2 - -9) + 142 + -109
44
What is the value of (-90 - -7 - -80) + -36?
-39
Calculate -13 + -55 - -73 - (-1 - (58 + 2)).
66
Evaluate -3 + -53 - (60 - 86).
-30
Evaluate (1 - -20 - 61 - 26) + 6.
-60
Calculate (-6 + -10 - 3) + 354 + -324.
11
Evaluate 35 + -35 + 13 - (-1 - -9).
5
What is the value of 153 + -76 + 27 + 56 + -44?
116
What is the value of -51 - (19 + 6 + -63 + 37)?
-50
12 + -28 + (-4 - -13) + 57
50
Calculate -43 + (-6 + 44 - -51).
46
What is the value of (3 - (-4 - -7) - -26) + (-16 - (-52 + 33))?
29
What is -28 - (-126 + -14) - 51?
61
What is the value of -4 + -14 + -11 - (-4 + 7 - 0)?
-32
-9 - (34 - 34) - (12 - 1)
-20
What is the value of 102 + 11 - (-95 + 100)?
108
What is the value of -13 + 4 + 1 + -12 + (-21 - -8)?
-33
Evaluate 78 + 6 - (8 + (1 + -6 + 0 - -12)).
69
What is (98 - 47) + -91 - (-4 - (-2 - (1 - 6)))?
-33
What is the value of (-14 + 20 - -2) + (-146 - -166)?
28
535 + -506 - (-16 - 3)
48
What is 14 - (-7 + 13 - (-3 + 6 + 7))?
18
What is the value of (4 - -29) + (-63 - -123) + -68?
25
What is -84 + 9 - (-100 - -5)?
20
Evaluate (69 - (43 + -41)) + -37.
30
What is the value of -1 + -30 - (-28 + 2 - 11)?
6
Calculate 2 - 0 - (18 + 33) - (-10 - -3).
-42
51 + 14 - (-20 + (14 - 8))
79
(-13 - -9 - 5) + (-369 - -395)
17
What is 16 - (16 - -25 - 32)?
7
What is the value of 0 + 12 + 0 - (-50 - (42 + -147))?
-43
What is (2 - 2) + (9 + -71 + 23 - 18)?
-57
What is the value of -27 - ((79 - -100) + -108)?
-98
Calculate 6 - (3 - (-1 - -2)) - (24 + (43 - 53)).
-10
What is the value of -6 - (50 - 94) - -96?
134
What is -3 + 34 + -58 + -45?
-72
What is 111 + (-1 - -13 - (67 + (-17 - 46)))?
119
What is the value of -10 - ((17 - (53 + -16)) + 17 + -1)?
-6
What is the value of (-22 - 12) + -7 + -20?
-61
What is 0 + -30 - (22 - (3 - -24)) - 11 - 1?
-37
Calculate -7 + (14 - -6 - 39) - 18.
-44
-5 - ((-8 - -29) + (-6 - (13 + -19)))
-26
Calculate -4 + 2 + -4 + 58 + -21 + 5.
36
Evaluate (54 - 1) + (1 + -24 - (348 - 358)) + 4.
44
Evaluate -26 - (-67 - 73 - -184).
-70
Evaluate (92 - 144 - -54) + -7.
-5
-21 + (-2 - -31 - (-43 + -61))
112
What is the value of 43 + 17 + -50 + 14 - -31?
55
8 - (7 + (-63 - (16 + -5)))
75
What is (38 - 0) + (-4 - (2 - -3)) + (6 - 2)?
33
What is (15 - (52 - -1)) + 29?
-9
What is the value of 20 - (-61 + (-75 - -22))?
134
-10 + -161 + 52 - -137
18
What is the value of 16 - 1 - (105 - 190 - -153)?
-53
What is the value of -75 + (169 - 103) + 14 + 0?
5